4 a factor of 3409672?
False
Is 730925 a multiple of 25?
True
Does 24 divide 5456650?
False
Is 5362752 a multiple of 18?
False
Is 135988 a multiple of 17?
False
Does 194 divide 307679?
False
Is 25 a factor of 121557?
False
Does 21 divide 2738050?
False
Does 61 divide 1355542?
True
Does 7 divide 146126?
False
Is 16016650 a multiple of 5?
True
Is 43 a factor of 389040?
False
Is 386122 a multiple of 4?
False
Is 3 a factor of 237999?
True
Does 699 divide 2039682?
True
Is 10763252 a multiple of 14?
False
Is 32646 a multiple of 315?
False
Does 470 divide 510890?
True
Is 9295 a multiple of 11?
True
Does 1492 divide 4145194?
False
Is 717708 a multiple of 6?
True
Does 15 divide 712527?
False
Is 8277015 a multiple of 296?
False
Is 41163 a multiple of 21?
False
Is 1031292 a multiple of 162?
True
Is 408477 a multiple of 28?
False
Is 6428678 a multiple of 494?
False
Is 39549 a multiple of 3?
True
Is 44 a factor of 328328?
True
Is 8 a factor of 40056?
True
Is 763140 a multiple of 29?
False
Is 247 a factor of 595100?
False
Is 177326 a multiple of 33?
False
Does 1111 divide 10053290?
False
Is 37393246 a multiple of 138?
False
Is 2718810 a multiple of 249?
False
Does 811 divide 17090203?
True
Is 97 a factor of 87264?
False
Does 249 divide 7100982?
True
Is 867271 a multiple of 27?
False
Does 9 divide 10134?
True
Is 4438425 a multiple of 10?
False
Is 9 a factor of 7086384?
True
Does 265 divide 680321?
False
Is 30 a factor of 84?
False
Is 191 a factor of 629536?
True
Is 1616656 a multiple of 316?
True
Is 26 a factor of 3278504?
False
Is 181 a factor of 213868?
False
Does 10 divide 380500?
True
Does 31 divide 589093?
True
Is 17 a factor of 176775?
False
Does 27 divide 1809?
True
Is 2958 even?
True
Is 951763 a multiple of 50?
False
Does 188 divide 1892972?
True
Does 25 divide 81925?
True
Is 51 a factor of 798638?
False
Does 15 divide 130437?
False
Is 94183 even?
False
Is 7464228 a multiple of 205?
False
Is 2554512 a multiple of 33?
False
Is 254999 a multiple of 12?
False
Is 257355 a multiple of 14?
False
Is 474249 a multiple of 547?
True
Does 26 divide 76440?
True
Is 62 a factor of 581498?
True
Is 173180 a multiple of 70?
True
Is 1926678 a multiple of 39?
True
Is 27 a factor of 169911?
True
Does 7 divide 53991?
True
Is 1398348 a multiple of 31?
True
Is 41 a factor of 4301067?
False
Does 855 divide 153023?
False
Does 338 divide 75374?
True
Is 28 a factor of 1974336?
True
Does 11 divide 31427?
True
Does 13 divide 46953?
False
Does 32 divide 40406?
False
Is 11241 a multiple of 93?
False
Does 147 divide 409836?
True
Does 130 divide 26910?
True
Is 610800 a multiple of 60?
True
Is 208992 a multiple of 112?
True
Does 36 divide 59868?
True
Is 26 a factor of 132496?
True
Is 499867 a multiple of 10?
False
Does 259 divide 13517734?
False
Does 354 divide 2346623?
False
Is 8 a factor of 606064?
True
Is 882797 a multiple of 48?
False
Does 264 divide 2808168?
True
Is 328 a factor of 1332733?
False
Is 19 a factor of 262276?
True
Is 234 a factor of 2227828?
False
Is 63544 a multiple of 8?
True
Does 20 divide 500060?
True
Is 17 a factor of 3355443?
True
Does 241 divide 245424?
False
Is 50 a factor of 5160488?
False
Does 362 divide 944293?
False
Does 11 divide 1110470?
False
Does 810 divide 17820?
True
Is 60 a factor of 181440?
True
Is 12 a factor of 32631?
False
Is 157 a factor of 677926?
True
Does 41 divide 902?
True
Is 54841 a multiple of 40?
False
Is 707218 a multiple of 236?
False
Is 26 a factor of 22552275?
False
Does 24 divide 5010033?
False
Is 3 a factor of 2952614?
False
Does 559 divide 1513772?
True
Does 42 divide 6379107?
False
Is 1367060 a multiple of 5?
True
Is 12 a factor of 1670334?
False
Is 22 a factor of 235576?
True
Is 9700 a multiple of 5?
True
Does 338 divide 471696?
False
Is 22 a factor of 179041?
False
Is 2 a factor of 181135?
False
Is 663 a factor of 136578?
True
Does 47 divide 237726?
True
Does 39 divide 565032?
True
Is 3536209 a multiple of 41?
True
Does 5 divide 7475799?
False
Is 560896 a multiple of 224?
True
Does 15 divide 523140?
True
Is 482416 a multiple of 36?
False
Does 18 divide 4841568?
True
Is 386832 a multiple of 10?
False
Is 279003 a multiple of 137?
False
Is 185008 a multiple of 31?
True
Is 37488 a multiple of 48?
True
Is 4 a factor of 68296?
True
Does 88 divide 155496?
True
Is 615962 a multiple of 360?
False
Is 90298 a multiple of 22?
False
Is 59 a factor of 77901?
False
Is 26155547 a multiple of 35?
False
Is 4732009 a multiple of 260?
False
Does 325 divide 1773489?
False
Is 13 a factor of 62666?
False
Is 2193 a multiple of 51?
True
Does 75 divide 80019?
False
Does 12 divide 238372?
False
Does 78 divide 10649340?
True
Does 67 divide 4479830?
False
Is 179100 a multiple of 14?
False
Is 41 a factor of 2628674?
True
Does 512 divide 337514?
False
Is 909 a factor of 1323504?
True
Is 569922 a multiple of 617?
False
Does 167 divide 994986?
True
Does 11 divide 6843865?
False
Is 981429 a multiple of 68?
False
Does 133 divide 107996?
True
Is 5 a factor of 80343?
False
Is 9 a factor of 1516867?
False
Does 249 divide 598224?
False
Does 37 divide 1875900?
True
Is 6142044 a multiple of 2102?
True
Does 67 divide 113766?
True
Is 1619526 a multiple of 94?
True
Is 100 a factor of 8293500?
True
Is 131 a factor of 799362?
True
Does 22 divide 133770?
False
Is 5746400 a multiple of 186?
False
Does 201 divide 2581041?
True
Is 135121 a multiple of 27?
False
Does 116 divide 8971324?
True
Is 129560 a multiple of 31?
False
Does 8 divide 64104?
True
Is 14 a factor of 1066854?
False
Does 23 divide 67781?
True
Is 212 a factor of 1534456?
True
Does 42 divide 3268822?
False
Is 46 a factor of 1535554?
False
Is 644490 a multiple of 62?
True
Is 79 a factor of 348160?
False
Is 4397760 a multiple of 15?
True
Is 37862 a multiple of 11?
True
Is 142097 a multiple of 38?
False
Is 189 a factor of 158760?
True
Is 121 a factor of 300784?
False
Is 46 a factor of 199732?
True
Does 19 divide 383005?
False
Does 327 divide 157847?
False
Is 1277305 a multiple of 23?
True
Is 10 a factor of 7482355?
False
Is 373 a factor of 1222295?
False
Is 18816 a multiple of 6?
True
Is 25 a factor of 17625?
True
Is 78 a factor of 3217422?
True
Does 44 divide 4300996?
False
Is 135489 a multiple of 4?
False
Is 2384425 a multiple of 635?
True
Does 44 divide 13487364?
True
Does 16 divide 236512?
True
Is 686 a factor of 3279766?
True
Does 11 divide 236582?
False
Does 38 divide 7797182?
True
Does 44 divide 1086096?
True
Does 160 divide 2259200?
True
Is 62786 a multiple of 235?
False
Is 8 a factor of 417936?
True
Does 7 divide 18333?
True
Is 2016227 a multiple of 12?
False
Is 4718945 a multiple of 77?
True
Is 375 a factor of 18103867?
False
Is 86 a factor of 650773?
False
Is 1355121 a multiple of 9?
True
Is 30 a factor of 287880?
True
Does 93 divide 353779?
False
Does 179 divide 1286408?
False
Is 79 a factor of 9694215?
False
Is 2177526 a multiple of 16?
False
Does 302 divide 813131?
False
Is 273 a factor of 1234233?
True
Is 19 a factor of 629090?
True
Is 314251 a multiple of 329?
False
Is 66 a factor of 13031288?
False
Is 15 a factor of 676800?
True
Is 36262 a multiple of 108?
False
Does 10 divide 4777493?
False
Is 185 a factor of 10609010?
True
Is 6194026 a multiple of 886?
True
Is 5 a factor of 54683?
False
Is 718957 a multiple of 123?
False
Is 4 a factor of 77594?
False
Is 820599 a multiple of 4?
False
Does 15 divide 190455?
True
Is 75 a factor of 5028814?
False
Is 67229 a multiple of 99?
False
Is 5 a factor of 42208?
False
Is 57826 a multiple of 6?
False
Is 23 a factor of 1533272?
True
Does 5 divide 1513763?
False
Is 183108 a multiple of 648?
False
Does 32 divide 556032?
True
Is 493902 a multiple of 207?
True
Is 2 a factor of 5653?
False
Is 112 a factor of 3476947?
False
Is 6 a factor of 953559?
False
Is 308682 a multiple of 99?
True
Is 16 a factor of 356807?
False
Does 14 divide 1716722?
True
Does 9 divide 18711?
True
Is 60 a factor of 1053900?
True
Does 23 divide 39744?
True
Does 113 divide 734282?
False
Is 518742 a multiple of 18?
True
Does 3 divide 17495?
False
Is 49604 a multiple of 2?
True
Does 260 divide 2371334?
False
Does 11 divide 69091?
True
Is 118 a factor of 239363?
False
Is 42024 a multiple of 206?
True
Is 8765550 a multiple of 645?
True
Is 35760 a multiple of 60?
True
Is 931 a factor of 519870